lculate the highest common factor of f and s.
9
Let a be -11*((-3)/1 - -2). Calculate the greatest common divisor of 11 and a.
11
Let h(v) = -14*v. Let z be h(-1). Let f = 4 + -2. Suppose -f = x - z. What is the greatest common factor of x and 18?
6
Suppose -2*i = 2*r - 2, 0*r + 8 = 4*i + 2*r. What is the greatest common divisor of i and 15?
3
Let s = 10 + -9. Let m be 6*2 + (-1)/s. What is the greatest common factor of m and 33?
11
Let g(q) = 27*q + 14. Let d be g(7). Calculate the highest common divisor of 29 and d.
29
Let d = 16 - 4. Suppose 414 - 54 = 5*f. What is the greatest common divisor of f and d?
12
Let s(v) = v - 2. Let y be s(7). Suppose 3*n - y*r = -n + 300, 0 = 4*r + 16. What is the highest common factor of 10 and n?
10
Suppose 4*f = 20, 7*f - 2*f + 5 = 2*x. Let y = 10 + -7. Calculate the greatest common factor of y and x.
3
Let z be (4/(-6))/(2/(-9)). Suppose 58 + 221 = z*i. Suppose -2*g + 3*m = -188, -2*g + g + m + i = 0. What is the highest common factor of g and 13?
13
Let c = -18 + 28. Let z = c + 14. Let j be 1/2 + (-239)/(-2). What is the greatest common factor of z and j?
24
Suppose 2*j - 4*r - 38 = 0, 0*j + 2*j + 2*r = 20. Let b = -53 + 35. Let a be 4/b + 706/18. Calculate the greatest common factor of j and a.
13
Let m be 8/6*6/4. Suppose -m*y = y - 57. Calculate the highest common divisor of y and 57.
19
Let m = 21 - 19. Suppose m*b - 3*c - 12 = 2*c, 2*b - 12 = -2*c. Calculate the greatest common divisor of 12 and b.
6
Let r(v) be the second derivative of -v**3/3 - v**2/2 - 2*v. Let u be r(-2). Let a be 55/u + 8/12. Calculate the greatest common divisor of a and 133.
19
Let q = -30 - -36. What is the highest common divisor of 54 and q?
6
Let k = 6 + 26. Suppose -3*d - 3*z = 2*z - 41, 3*d = 4*z + k. Let v be (-36)/(-2)*32/d. What is the greatest common divisor of 6 and v?
6
Let d(l) = 3*l - l**3 - 11 + 4*l**2 + 3*l + 12. Let f be d(5). Let j(g) = -g. Let t be j(-9). What is the greatest common factor of t and f?
3
Let l = -8 + 13. Suppose 136 = i - 5*i. Let w = i + 54. Calculate the greatest common factor of w and l.
5
Let f be 4/(-6)*-6 + -1. Let g be (f - (1 + 0))/1. Let z(k) = 5*k**2 - 4*k + 2. Let h be z(g). Calculate the highest common factor of 98 and h.
14
Let c be (-14)/(-63) - (-79)/9. Let v be 8120/90 - 2/c. What is the highest common divisor of 10 and v?
10
Let c(d) = d**2 - 4*d - 11. Let u be c(-3). Calculate the highest common divisor of 8 and u.
2
Let c be (-39)/4*(-112)/6. What is the highest common divisor of c and 26?
26
Let m = 375 + -249. What is the greatest common divisor of 14 and m?
14
Let a(k) = -4*k + 33. Let g be a(0). Calculate the highest common factor of g and 22.
11
Let s = -18 - -33. Suppose 3*v - u - 79 = 0, v = 2*u + 8 + s. Calculate the highest common divisor of v and 27.
27
Suppose -94 = -5*f - 4*p, 0*f = 3*f + 3*p - 57. Calculate the highest common factor of 12 and f.
6
Let q(i) = -i**3 - 12*i**2 - 9*i + 23. Let t be q(-11). Suppose -2*z = -5*r + 21, -4*r + 26 = 6*z - 3*z. Calculate the greatest common divisor of t and z.
1
Let p(t) = -t**2 - 5*t - 5. Let o be p(-4). Let m be 2/(o/2 + 1). Suppose -2*u - 88 = -4*u. Calculate the greatest common divisor of u and m.
4
Let l(b) = 24*b**3 + 2*b**2 - 2*b + 1. Let d be l(1). Let j = -10 + d. Let s = 397 + -232. What is the greatest common divisor of s and j?
15
Let j = -306 - -191. Let y = 192 + j. What is the highest common divisor of 11 and y?
11
Let u(m) = m**2 + 2*m + 2. Let i be u(-8). What is the greatest common factor of i and 40?
10
Let d(l) = 3*l - 1. Let j be d(1). Suppose j*u - 10 = 4*u, -u = 4*q - 15. Calculate the highest common factor of q and 35.
5
Let l be 3/15 + (-438)/(-10). What is the highest common divisor of l and 110?
22
Let y(r) = r - 5. Let a be y(8). Let f be ((-2)/2 + 2)*27. Suppose -2*g - f = -a*g. What is the highest common factor of 9 and g?
9
Suppose 155 + 45 = 5*w. Let y(j) = j**3 + 3*j**2 - 5*j - 4. Let p be y(-4). Suppose -b - 2*b + 24 = p. Calculate the highest common divisor of w and b.
8
Let u(r) = -r**3 - 11*r**2 - 12*r - 15. Let o be u(-10). Let l be (-418)/(-6) - o/(-15). What is the highest common divisor of 10 and l?
10
Let f be (-2 - -2)/(0 + -1). Suppose u - 12 = 2*g, f = 5*u + 2*g - 0*g - 108. Calculate the highest common factor of 4 and u.
4
Suppose t + 2*h = 0, h = t - 4*h. Suppose a - 5*m + 15 = 0, -5*m + 12 + 13 = t. Calculate the highest common divisor of 80 and a.
10
Suppose 0 = 5*j + 3*h - 4*h - 77, -j + 3*h + 7 = 0. Suppose -2*w = -3*w + j. Let u = -6 + 10. Calculate the highest common divisor of u and w.
4
Let b = 49 + -9. Suppose -4*k + b = k + d, k - 12 = -d. What is the highest common divisor of k and 42?
7
Suppose a + 3 - 7 = q, -5*q = 25. Let w(p) = -31*p**3 + p**2 + p + 1. Let m be w(a). What is the highest common factor of 48 and m?
16
Suppose -g = 3*g - 144. Calculate the highest common factor of g and 12.
12
Let f = 10 + -7. Suppose -2*o + 150 = -3*y - y, 4*y + 215 = f*o. Calculate the highest common factor of 13 and o.
13
Let v = -10 + 12. Suppose 0 = -5*y - p + 29, -v + 7 = 5*y - 5*p. Calculate the highest common factor of 55 and y.
5
Let a(r) = -2*r**3 - r**2 + r. Let d be a(-3). Suppose z - 14 = -z. What is the greatest common divisor of z and d?
7
Let r(v) = -10*v**3 + 2*v**2 - v - 2. Let o be r(-2). Calculate the greatest common divisor of o and 11.
11
Let o = 0 + 75. What is the highest common factor of o and 15?
15
Suppose 0 = 2*h + 3*h - 15. Suppose -5*c + h - 8 = 0. Let v = c + 14. Calculate the greatest common divisor of v and 52.
13
Let t be (-33)/(-7) + -5 + 898/7. What is the greatest common factor of t and 8?
8
Suppose 3*j - 27 - 18 = 0. Let d(t) = 10*t + 2. Let x be d(-4). Let q = x + 68. What is the highest common factor of q and j?
15
Let p be (-2)/(4/(-18)) - 0. Suppose -u - p = -5*j, 5*u - 15 = -6*j + j. Let k be ((-6)/(-3))/j*24. Calculate the greatest common divisor of k and 16.
8
Suppose -316 - 41 = -3*l. Let z(f) = -5*f - 3. Suppose 5*c = -3*g + 3, g - 3*g = 4*c - 4. Let r be z(g). What is the greatest common factor of r and l?
17
Suppose 180 = o + 4*o. What is the highest common factor of 9 and o?
9
Let l(x) = 2*x - 1. Let c be l(-7). Let w = c + 105. What is the greatest common divisor of w and 18?
18
Let p(n) = 10*n**2 + 3*n + 4. Let s be p(-2). Calculate the highest common factor of 57 and s.
19
Let l(b) = -55*b. Let u be l(2). Let j = -11 - u. Let x(c) = c**3 - 6*c**2 + 7*c + 1. Let t be x(5). What is the greatest common factor of j and t?
11
Suppose -3*q + q + 6 = 0. Suppose -2 + 3 = -m, q*c + 5*m = 85. Suppose 2*z - 10 = z. What is the greatest common divisor of c and z?
10
Suppose -28 = -5*g + 92. What is the greatest common divisor of g and 8?
8
Let h(s) = -3*s**3 - 3*s**2 - s - 3. Let n be h(-3). Let k be 2/9 + 42/n. Let r be 1 - 4 - -2*2. What is the highest common divisor of k and r?
1
Let r(l) = -l**3 + 4*l**2 - 2*l - 4. Let i be r(4). Let x be (-291)/i + (-4)/16. What is the highest common divisor of x and 264?
24
Suppose 6*g = 8*g - 14. What is the highest common divisor of 56 and g?
7
Suppose -5*c - 2*c + 21 = 0. What is the highest common factor of 9 and c?
3
Suppose 10*k - 5*k - 15 = 0. Suppose -186 - 87 = -k*p. What is the greatest common divisor of 13 and p?
13
Suppose 4*w - 57 - 40 = -5*v, 0 = w + 3*v - 19. Suppose -k = w + 7. Let b = -19 - k. What is the highest common factor of 8 and b?
8
Let t(f) = -f + 153. Let v be t(0). What is the highest common factor of v and 17?
17
Let q be (-5)/10*-24*1. Calculate the greatest common factor of 8 and q.
4
Let r = -10 - -30. Calculate the highest common divisor of r and 10.
10
Let y(w) = -34*w + 12. Let b be y(8). Let m be b/(-36) + 2/(-9). Calculate the highest common factor of m and 77.
7
Let b be (2/(-12))/(3/(-18)). Let o be (0 - 0)/(-4 - -3). Let v be -2*((-5 - o) + 1). What is the highest common factor of b and v?
1
Let w = 7 + -3. Let y be 1/w + (-5)/20. Suppose 3*b = 5*l + 316, -b + 5*l + 92 = -y*b. Calculate the greatest common divisor of 16 and b.
16
Let n be ((-35)/(-10))/((-2)/(-8)). Calculate the greatest common factor of 63 and n.
7
Suppose 2*c - 50 = 110. What is the highest common divisor of c and 10?
10
Let f(h) = h - 2. Let q be f(6). Calculate the greatest common divis